{"id":1772,"date":"2018-09-12T10:24:16","date_gmt":"2018-09-12T10:24:16","guid":{"rendered":"http:\/\/www.casacalcalot.cat\/?page_id=1772"},"modified":"2018-09-12T10:24:16","modified_gmt":"2018-09-12T10:24:16","slug":"ermita","status":"publish","type":"page","link":"https:\/\/www.casacalcalot.cat\/es\/ermita\/","title":{"rendered":"Ermita"},"content":{"rendered":"\n<style type=\"text\/css\" data-created_by=\"avia_inline_auto\" id=\"style-css-av-av_three_fifth-9497bbf8bff73ea4c6992cc17fa9ec36\">\n.flex_column.av-av_three_fifth-9497bbf8bff73ea4c6992cc17fa9ec36{\nborder-radius:0px 0px 0px 0px;\npadding:0px 0px 0px 0px;\n}\n<\/style>\n<div  class='flex_column av-av_three_fifth-9497bbf8bff73ea4c6992cc17fa9ec36 av_three_fifth  avia-builder-el-0  el_before_av_two_fifth  avia-builder-el-first  first flex_column_div av-zero-column-padding  '     ><p>\n<style type=\"text\/css\" data-created_by=\"avia_inline_auto\" id=\"style-css-av-av_heading-3986a9117e79082f25ed442d88bf4156\">\n#top .av-special-heading.av-av_heading-3986a9117e79082f25ed442d88bf4156{\npadding-bottom:10px;\n}\nbody .av-special-heading.av-av_heading-3986a9117e79082f25ed442d88bf4156 .av-special-heading-tag .heading-char{\nfont-size:25px;\n}\n.av-special-heading.av-av_heading-3986a9117e79082f25ed442d88bf4156 .av-subheading{\nfont-size:15px;\n}\n<\/style>\n<div  class='av-special-heading av-av_heading-3986a9117e79082f25ed442d88bf4156 av-special-heading-h2 blockquote modern-quote  avia-builder-el-1  el_before_av_textblock  avia-builder-el-first '><h2 class='av-special-heading-tag '  itemprop=\"headline\"  >Ermita de Sant Lle\u00efr<\/h2><div class=\"special-heading-border\"><div class=\"special-heading-inner-border\"><\/div><\/div><\/div><br \/>\n<section  class='av_textblock_section av-jlyzyvxr-f86e53e5ea4a0bb876af6168de395d34 '   itemscope=\"itemscope\" itemtype=\"https:\/\/schema.org\/CreativeWork\" ><div class='avia_textblock'  itemprop=\"text\" ><p>San Lle\u00efr de Casabella es una <strong>ermita rom\u00e1nica<\/strong> de los siglos XI-XIII, documentada desde el <strong>a\u00f1o 1040<\/strong>. El conjunto lo forman la capilla propiamente dicha, un porche con tres arcos apuntados y el cementerio. Est\u00e1 situada a 987 m. de altitud en la falda de la ladera norte de la colina de San Lle\u00efr, entre el torrente de la Barata (al este) y el Cardener (al oeste) y solamente a unos <strong>20m de Cal Calot.<\/strong><\/p>\n<p><strong>Es un monumento protegido dentro del Inventario del Patrimonio Arquitect\u00f3nico Catal\u00e1n<\/strong><\/p>\n<\/div><\/section><br \/>\n\n<style type=\"text\/css\" data-created_by=\"avia_inline_auto\" id=\"style-css-av-av_image-32e2d19b8a690ebcaea237442f750132\">\n.avia-image-container.av-av_image-32e2d19b8a690ebcaea237442f750132 img.avia_image{\nbox-shadow:none;\n}\n.avia-image-container.av-av_image-32e2d19b8a690ebcaea237442f750132 .av-image-caption-overlay-center{\ncolor:#ffffff;\n}\n<\/style>\n<div  class='avia-image-container av-av_image-32e2d19b8a690ebcaea237442f750132 av-styling- avia-align-center  avia-builder-el-3  el_after_av_textblock  avia-builder-el-last '   itemprop=\"image\" itemscope=\"itemscope\" itemtype=\"https:\/\/schema.org\/ImageObject\" ><div class=\"avia-image-container-inner\"><div class=\"avia-image-overlay-wrap\"><img decoding=\"async\" fetchpriority=\"high\" class='wp-image-1483 avia-img-lazy-loading-not-1483 avia_image ' src=\"https:\/\/www.casacalcalot.cat\/wp-content\/uploads\/2018\/02\/cal-calot-15-845x321.jpg\" alt='' title='cal-calot-15'  height=\"321\" width=\"845\"  itemprop=\"thumbnailUrl\"  \/><\/div><\/div><\/div><\/p><\/div>\n<style type=\"text\/css\" data-created_by=\"avia_inline_auto\" id=\"style-css-av-av_two_fifth-c8fc129dc35fd1ae2a1e410224d39ea8\">\n.flex_column.av-av_two_fifth-c8fc129dc35fd1ae2a1e410224d39ea8{\nborder-radius:0px 0px 0px 0px;\npadding:0px 0px 0px 0px;\n}\n<\/style>\n<div  class='flex_column av-av_two_fifth-c8fc129dc35fd1ae2a1e410224d39ea8 av_two_fifth  avia-builder-el-4  el_after_av_three_fifth  el_before_av_textblock  flex_column_div av-zero-column-padding  '     ><section  class='av_textblock_section av-jlyzzoko-8be603ca7b61295832b661765221c69f '   itemscope=\"itemscope\" itemtype=\"https:\/\/schema.org\/CreativeWork\" ><div class='avia_textblock'  itemprop=\"text\" ><blockquote>\n<p style=\"text-align: left;\">Os ofrecemos la posibilidad de alquilar la ermita para hacer sus celebraciones \u00edntimas. (Capacidad entre 20 y 25 personas aproximadamente.)<\/p>\n<p style=\"text-align: left;\"><strong>Ideal para hacer de sus celebraciones una fiesta \u00edntima y rom\u00e1ntica y en un entorno natural espl\u00e9ndido !!<\/strong><strong>\u00a0<\/strong><\/p>\n<p><strong>\u00bfQu\u00e9 ten\u00edais pensado celebrar?<\/strong><\/p>\n<p><strong>\u00bfLo hablamos??<\/strong><\/p>\n<\/blockquote>\n<\/div><\/section><\/div><section  class='av_textblock_section av-av_textblock-445188a952fb265869ea404d0e52fad7 '   itemscope=\"itemscope\" itemtype=\"https:\/\/schema.org\/CreativeWork\" ><div class='avia_textblock'  itemprop=\"text\" ><\/div><\/section><\/p>\n","protected":false},"excerpt":{"rendered":"","protected":false},"author":1,"featured_media":0,"parent":0,"menu_order":0,"comment_status":"closed","ping_status":"closed","template":"","meta":{"footnotes":""},"class_list":["post-1772","page","type-page","status-publish","hentry"],"yoast_head":"<!-- This site is optimized with the Yoast SEO plugin v27.3 - https:\/\/yoast.com\/product\/yoast-seo-wordpress\/ -->\n<title>Ermita - Casa Cal Calot<\/title>\n<meta name=\"robots\" content=\"index, follow, max-snippet:-1, max-image-preview:large, max-video-preview:-1\" \/>\n<link rel=\"canonical\" href=\"https:\/\/www.casacalcalot.cat\/es\/ermita\/\" \/>\n<meta property=\"og:locale\" content=\"es_ES\" \/>\n<meta property=\"og:type\" content=\"article\" \/>\n<meta property=\"og:title\" content=\"Ermita - Casa Cal Calot\" \/>\n<meta property=\"og:url\" content=\"https:\/\/www.casacalcalot.cat\/es\/ermita\/\" \/>\n<meta property=\"og:site_name\" content=\"Casa Cal Calot\" \/>\n<meta name=\"twitter:card\" content=\"summary_large_image\" \/>\n<meta name=\"twitter:label1\" content=\"Tiempo de lectura\" \/>\n\t<meta name=\"twitter:data1\" content=\"2 minutos\" \/>\n<script type=\"application\/ld+json\" class=\"yoast-schema-graph\">{\"@context\":\"https:\\\/\\\/schema.org\",\"@graph\":[{\"@type\":\"WebPage\",\"@id\":\"https:\\\/\\\/www.casacalcalot.cat\\\/es\\\/ermita\\\/\",\"url\":\"https:\\\/\\\/www.casacalcalot.cat\\\/es\\\/ermita\\\/\",\"name\":\"Ermita - Casa Cal Calot\",\"isPartOf\":{\"@id\":\"https:\\\/\\\/www.casacalcalot.cat\\\/#website\"},\"datePublished\":\"2018-09-12T10:24:16+00:00\",\"breadcrumb\":{\"@id\":\"https:\\\/\\\/www.casacalcalot.cat\\\/es\\\/ermita\\\/#breadcrumb\"},\"inLanguage\":\"es\",\"potentialAction\":[{\"@type\":\"ReadAction\",\"target\":[\"https:\\\/\\\/www.casacalcalot.cat\\\/es\\\/ermita\\\/\"]}]},{\"@type\":\"BreadcrumbList\",\"@id\":\"https:\\\/\\\/www.casacalcalot.cat\\\/es\\\/ermita\\\/#breadcrumb\",\"itemListElement\":[{\"@type\":\"ListItem\",\"position\":1,\"name\":\"Inici\",\"item\":\"https:\\\/\\\/www.casacalcalot.cat\\\/es\\\/inicio\\\/\"},{\"@type\":\"ListItem\",\"position\":2,\"name\":\"Ermita\"}]},{\"@type\":\"WebSite\",\"@id\":\"https:\\\/\\\/www.casacalcalot.cat\\\/#website\",\"url\":\"https:\\\/\\\/www.casacalcalot.cat\\\/\",\"name\":\"Casa Cal Calot\",\"description\":\"Casa de turisme rural a Casserres (Bergued\u00e0)\",\"potentialAction\":[{\"@type\":\"SearchAction\",\"target\":{\"@type\":\"EntryPoint\",\"urlTemplate\":\"https:\\\/\\\/www.casacalcalot.cat\\\/?s={search_term_string}\"},\"query-input\":{\"@type\":\"PropertyValueSpecification\",\"valueRequired\":true,\"valueName\":\"search_term_string\"}}],\"inLanguage\":\"es\"}]}<\/script>\n<!-- \/ Yoast SEO plugin. -->","yoast_head_json":{"title":"Ermita - Casa Cal Calot","robots":{"index":"index","follow":"follow","max-snippet":"max-snippet:-1","max-image-preview":"max-image-preview:large","max-video-preview":"max-video-preview:-1"},"canonical":"https:\/\/www.casacalcalot.cat\/es\/ermita\/","og_locale":"es_ES","og_type":"article","og_title":"Ermita - Casa Cal Calot","og_url":"https:\/\/www.casacalcalot.cat\/es\/ermita\/","og_site_name":"Casa Cal Calot","twitter_card":"summary_large_image","twitter_misc":{"Tiempo de lectura":"2 minutos"},"schema":{"@context":"https:\/\/schema.org","@graph":[{"@type":"WebPage","@id":"https:\/\/www.casacalcalot.cat\/es\/ermita\/","url":"https:\/\/www.casacalcalot.cat\/es\/ermita\/","name":"Ermita - Casa Cal Calot","isPartOf":{"@id":"https:\/\/www.casacalcalot.cat\/#website"},"datePublished":"2018-09-12T10:24:16+00:00","breadcrumb":{"@id":"https:\/\/www.casacalcalot.cat\/es\/ermita\/#breadcrumb"},"inLanguage":"es","potentialAction":[{"@type":"ReadAction","target":["https:\/\/www.casacalcalot.cat\/es\/ermita\/"]}]},{"@type":"BreadcrumbList","@id":"https:\/\/www.casacalcalot.cat\/es\/ermita\/#breadcrumb","itemListElement":[{"@type":"ListItem","position":1,"name":"Inici","item":"https:\/\/www.casacalcalot.cat\/es\/inicio\/"},{"@type":"ListItem","position":2,"name":"Ermita"}]},{"@type":"WebSite","@id":"https:\/\/www.casacalcalot.cat\/#website","url":"https:\/\/www.casacalcalot.cat\/","name":"Casa Cal Calot","description":"Casa de turisme rural a Casserres (Bergued\u00e0)","potentialAction":[{"@type":"SearchAction","target":{"@type":"EntryPoint","urlTemplate":"https:\/\/www.casacalcalot.cat\/?s={search_term_string}"},"query-input":{"@type":"PropertyValueSpecification","valueRequired":true,"valueName":"search_term_string"}}],"inLanguage":"es"}]}},"_links":{"self":[{"href":"https:\/\/www.casacalcalot.cat\/es\/wp-json\/wp\/v2\/pages\/1772","targetHints":{"allow":["GET"]}}],"collection":[{"href":"https:\/\/www.casacalcalot.cat\/es\/wp-json\/wp\/v2\/pages"}],"about":[{"href":"https:\/\/www.casacalcalot.cat\/es\/wp-json\/wp\/v2\/types\/page"}],"author":[{"embeddable":true,"href":"https:\/\/www.casacalcalot.cat\/es\/wp-json\/wp\/v2\/users\/1"}],"replies":[{"embeddable":true,"href":"https:\/\/www.casacalcalot.cat\/es\/wp-json\/wp\/v2\/comments?post=1772"}],"version-history":[{"count":5,"href":"https:\/\/www.casacalcalot.cat\/es\/wp-json\/wp\/v2\/pages\/1772\/revisions"}],"predecessor-version":[{"id":1777,"href":"https:\/\/www.casacalcalot.cat\/es\/wp-json\/wp\/v2\/pages\/1772\/revisions\/1777"}],"wp:attachment":[{"href":"https:\/\/www.casacalcalot.cat\/es\/wp-json\/wp\/v2\/media?parent=1772"}],"curies":[{"name":"wp","href":"https:\/\/api.w.org\/{rel}","templated":true}]}}

<style type="text/css" data-created_by="avia_inline_auto" id="style-css-av-av_three_fifth-9497bbf8bff73ea4c6992cc17fa9ec36">
.flex_column.av-av_three_fifth-9497bbf8bff73ea4c6992cc17fa9ec36{
border-radius:0px 0px 0px 0px;
padding:0px 0px 0px 0px;
}
</style>
<div  class='flex_column av-av_three_fifth-9497bbf8bff73ea4c6992cc17fa9ec36 av_three_fifth  avia-builder-el-0  el_before_av_two_fifth  avia-builder-el-first  first flex_column_div av-zero-column-padding  '     ><p>
<style type="text/css" data-created_by="avia_inline_auto" id="style-css-av-av_heading-3986a9117e79082f25ed442d88bf4156">
#top .av-special-heading.av-av_heading-3986a9117e79082f25ed442d88bf4156{
padding-bottom:10px;
}
body .av-special-heading.av-av_heading-3986a9117e79082f25ed442d88bf4156 .av-special-heading-tag .heading-char{
font-size:25px;
}
.av-special-heading.av-av_heading-3986a9117e79082f25ed442d88bf4156 .av-subheading{
font-size:15px;
}
</style>
<div  class='av-special-heading av-av_heading-3986a9117e79082f25ed442d88bf4156 av-special-heading-h2 blockquote modern-quote  avia-builder-el-1  el_before_av_textblock  avia-builder-el-first '><h2 class='av-special-heading-tag '  itemprop="headline"  >Ermita de Sant Lleïr</h2><div class="special-heading-border"><div class="special-heading-inner-border"></div></div></div><br />
<section  class='av_textblock_section av-jlyzyvxr-f86e53e5ea4a0bb876af6168de395d34 '   itemscope="itemscope" itemtype="https://schema.org/CreativeWork" ><div class='avia_textblock'  itemprop="text" ><p>San Lleïr de Casabella es una <strong>ermita románica</strong> de los siglos XI-XIII, documentada desde el <strong>año 1040</strong>. El conjunto lo forman la capilla propiamente dicha, un porche con tres arcos apuntados y el cementerio. Está situada a 987 m. de altitud en la falda de la ladera norte de la colina de San Lleïr, entre el torrente de la Barata (al este) y el Cardener (al oeste) y solamente a unos <strong>20m de Cal Calot.</strong></p>
<p><strong>Es un monumento protegido dentro del Inventario del Patrimonio Arquitectónico Catalán</strong></p>
</div></section><br />

<style type="text/css" data-created_by="avia_inline_auto" id="style-css-av-av_image-32e2d19b8a690ebcaea237442f750132">
.avia-image-container.av-av_image-32e2d19b8a690ebcaea237442f750132 img.avia_image{
box-shadow:none;
}
.avia-image-container.av-av_image-32e2d19b8a690ebcaea237442f750132 .av-image-caption-overlay-center{
color:#ffffff;
}
</style>
<div  class='avia-image-container av-av_image-32e2d19b8a690ebcaea237442f750132 av-styling- avia-align-center  avia-builder-el-3  el_after_av_textblock  avia-builder-el-last '   itemprop="image" itemscope="itemscope" itemtype="https://schema.org/ImageObject" ><div class="avia-image-container-inner"><div class="avia-image-overlay-wrap"><img decoding="async" fetchpriority="high" class='wp-image-1483 avia-img-lazy-loading-not-1483 avia_image ' src="https://www.casacalcalot.cat/wp-content/uploads/2018/02/cal-calot-15-845x321.jpg" alt='' title='cal-calot-15'  height="321" width="845"  itemprop="thumbnailUrl"  /></div></div></div></p></div>
<style type="text/css" data-created_by="avia_inline_auto" id="style-css-av-av_two_fifth-c8fc129dc35fd1ae2a1e410224d39ea8">
.flex_column.av-av_two_fifth-c8fc129dc35fd1ae2a1e410224d39ea8{
border-radius:0px 0px 0px 0px;
padding:0px 0px 0px 0px;
}
</style>
<div  class='flex_column av-av_two_fifth-c8fc129dc35fd1ae2a1e410224d39ea8 av_two_fifth  avia-builder-el-4  el_after_av_three_fifth  el_before_av_textblock  flex_column_div av-zero-column-padding  '     ><section  class='av_textblock_section av-jlyzzoko-8be603ca7b61295832b661765221c69f '   itemscope="itemscope" itemtype="https://schema.org/CreativeWork" ><div class='avia_textblock'  itemprop="text" ><blockquote>
<p style="text-align: left;">Os ofrecemos la posibilidad de alquilar la ermita para hacer sus celebraciones íntimas. (Capacidad entre 20 y 25 personas aproximadamente.)</p>
<p style="text-align: left;"><strong>Ideal para hacer de sus celebraciones una fiesta íntima y romántica y en un entorno natural espléndido !!</strong><strong> </strong></p>
<p><strong>¿Qué teníais pensado celebrar?</strong></p>
<p><strong>¿Lo hablamos??</strong></p>
</blockquote>
</div></section></div><section  class='av_textblock_section av-av_textblock-445188a952fb265869ea404d0e52fad7 '   itemscope="itemscope" itemtype="https://schema.org/CreativeWork" ><div class='avia_textblock'  itemprop="text" ></div></section></p>

<!-- This site is optimized with the Yoast SEO plugin v27.3 - https://yoast.com/product/yoast-seo-wordpress/ -->
<title>Ermita - Casa Cal Calot</title>
<meta name="robots" content="index, follow, max-snippet:-1, max-image-preview:large, max-video-preview:-1" />
<link rel="canonical" href="https://www.casacalcalot.cat/es/ermita/" />
<meta property="og:locale" content="es_ES" />
<meta property="og:type" content="article" />
<meta property="og:title" content="Ermita - Casa Cal Calot" />
<meta property="og:url" content="https://www.casacalcalot.cat/es/ermita/" />
<meta property="og:site_name" content="Casa Cal Calot" />
<meta name="twitter:card" content="summary_large_image" />
<meta name="twitter:label1" content="Tiempo de lectura" />
	<meta name="twitter:data1" content="2 minutos" />
<script type="application/ld+json" class="yoast-schema-graph">{"@context":"https:\/\/schema.org","@graph":[{"@type":"WebPage","@id":"https:\/\/www.casacalcalot.cat\/es\/ermita\/","url":"https:\/\/www.casacalcalot.cat\/es\/ermita\/","name":"Ermita - Casa Cal Calot","isPartOf":{"@id":"https:\/\/www.casacalcalot.cat\/#website"},"datePublished":"2018-09-12T10:24:16+00:00","breadcrumb":{"@id":"https:\/\/www.casacalcalot.cat\/es\/ermita\/#breadcrumb"},"inLanguage":"es","potentialAction":[{"@type":"ReadAction","target":["https:\/\/www.casacalcalot.cat\/es\/ermita\/"]}]},{"@type":"BreadcrumbList","@id":"https:\/\/www.casacalcalot.cat\/es\/ermita\/#breadcrumb","itemListElement":[{"@type":"ListItem","position":1,"name":"Inici","item":"https:\/\/www.casacalcalot.cat\/es\/inicio\/"},{"@type":"ListItem","position":2,"name":"Ermita"}]},{"@type":"WebSite","@id":"https:\/\/www.casacalcalot.cat\/#website","url":"https:\/\/www.casacalcalot.cat\/","name":"Casa Cal Calot","description":"Casa de turisme rural a Casserres (Berguedà)","potentialAction":[{"@type":"SearchAction","target":{"@type":"EntryPoint","urlTemplate":"https:\/\/www.casacalcalot.cat\/?s={search_term_string}"},"query-input":{"@type":"PropertyValueSpecification","valueRequired":true,"valueName":"search_term_string"}}],"inLanguage":"es"}]}</script>
<!-- / Yoast SEO plugin. -->

Casa de turisme rural a Casserres (Berguedà)
